t is the millions digit of 1057691?
1
What is the ten thousands digit of 421016?
2
What is the hundred thousands digit of 611240?
6
What is the units digit of 13068702?
2
What is the millions digit of 4750580?
4
What is the tens digit of 1741065?
6
What is the hundreds digit of 146311?
3
What is the ten thousands digit of 98119?
9
What is the tens digit of 1381985?
8
What is the hundreds digit of 11746108?
1
What is the hundred thousands digit of 410956?
4
What is the ten thousands digit of 526002?
2
What is the hundreds digit of 28986868?
8
What is the hundred thousands digit of 2902070?
9
What is the units digit of 1216840?
0
What is the units digit of 362254?
4
What is the units digit of 53555?
5
What is the units digit of 2430068?
8
What is the millions digit of 4917425?
4
What is the hundred thousands digit of 237896?
2
What is the millions digit of 7469775?
7
What is the millions digit of 10921227?
0
What is the hundreds digit of 478599?
5
What is the hundreds digit of 1149616?
6
What is the hundreds digit of 281022?
0
What is the ten thousands digit of 7514511?
1
What is the thousands digit of 35069473?
9
What is the hundreds digit of 263401?
4
What is the ten thousands digit of 3770333?
7
What is the ten thousands digit of 185882?
8
What is the hundreds digit of 744998?
9
What is the hundreds digit of 2615920?
9
What is the thousands digit of 3391043?
1
What is the millions digit of 5990058?
5
What is the units digit of 240475?
5
What is the ten thousands digit of 1204419?
0
What is the ten thousands digit of 4548809?
4
What is the ten thousands digit of 1496667?
9
What is the units digit of 806981?
1
What is the ten thousands digit of 7730690?
3
What is the units digit of 2459445?
5
What is the units digit of 1270567?
7
What is the hundred thousands digit of 4668051?
6
What is the ten thousands digit of 145556?
4
What is the hundreds digit of 754137?
1
What is the ten thousands digit of 1173555?
7
What is the hundreds digit of 25325687?
6
What is the thousands digit of 2950497?
0
What is the units digit of 3394483?
3
What is the tens digit of 409358?
5
What is the hundreds digit of 26607?
6
What is the hundred thousands digit of 315755?
3
What is the millions digit of 22142633?
2
What is the units digit of 2574405?
5
What is the units digit of 339794?
4
What is the ten thousands digit of 8872966?
7
What is the thousands digit of 2867298?
7
What is the hundred thousands digit of 1630427?
6
What is the thousands digit of 1940765?
0
What is the hundreds digit of 993545?
5
What is the hundreds digit of 1103747?
7
What is the thousands digit of 1457636?
7
What is the hundred thousands digit of 223613?
2
What is the ten thousands digit of 4724350?
2
What is the tens digit of 518451?
5
What is the hundreds digit of 307851?
8
What is the hundred thousands digit of 2706524?
7
What is the hundreds digit of 1591559?
5
What is the ten thousands digit of 1077090?
7
What is the units digit of 2016067?
7
What is the hundred thousands digit of 8474376?
4
What is the millions digit of 1536999?
1
What is the units digit of 397583?
3
What is the thousands digit of 272481?
2
What is the tens digit of 145475?
7
What is the units digit of 750213?
3
What is the thousands digit of 96376?
6
What is the millions digit of 21683840?
1
What is the units digit of 1734380?
0
What is the tens digit of 125894?
9
What is the hundred thousands digit of 9572657?
5
What is the units digit of 3724204?
4
What is the millions digit of 3245641?
3
What is the units digit of 1832061?
1
What is the ten thousands digit of 436218?
3
What is the hundred thousands digit of 2069179?
0
What is the hundred thousands digit of 419035?
4
What is the thousands digit of 55708?
5
What is the units digit of 430204?
4
What is the hundred thousands digit of 8582777?
5
What is the hundreds digit of 1361927?
9
What is the millions digit of 18827675?
8
What is the hundreds digit of 6831421?
4
What is the units digit of 2699043?
3
What is the millions digit of 6489390?
6
What is the millions digit of 1480772?
1
What is the units digit of 309355?
5
What is the thousands digit of 409883?
9
What is the ten millions digit of 15966886?
1
What is the hundred thousands digit of 102132?
1
What is the ten thousands digit of 353075?
5
What is the millions digit of 3278421?
3
What is the hundred thousands digit of 4394689?
3
What is the ten thousands digit of 3704359?
0
What is the hundred thousands digit of 4199267?
1
What is the thousands digit of 3096682?
6
What is the hundreds digit of 1523285?
2
What is the units digit of 686903?
3
What is the hundreds digit of 13541846?
8
What is the ten thousands digit of 319923?
1
What is the millions digit of 17199014?
7
What is the tens digit of 34826?
2
What is the thousands digit of 22809840?
9
What is the units digit of 2293901?
1
What is the tens digit of 126859?
5
What is the thousands digit of 3724356?
4
What is the units digit of 401981?
1
What is the hundred thousands digit of 27898301?
8
What is the hundred thousands digit of 6449357?
4
What is the hundred thousands digit of 29632651?
6
What is the millions digit of 2626534?
2
What is the thousands digit of 40979?
0
What is the tens digit of 12963662?
6
What is the hundred thousands digit of 1375302?
3
What is the ten thousands digit of 4206132?
0
What is the millions digit of 12956472?
2
What is the hundred thousands digit of 6982528?
9
What is the hundred thousands digit of 238531?
2
What is the ten thousands digit of 947096?
4
What is the hundred thousands digit of 289200?
2
What is the hundreds digit of 19424?
4
What is the tens digit of 200939?
3
What is the units digit of 609977?
7
What is the thousands digit of 108198?
8
What is the hundreds digit of 1117483?
4
What is the ten thousands digit of 4629981?
2
What is the hundreds digit of 3354979?
9
What is the thousands digit of 2822491?
2
What is the units digit of 538886?
6
What is the tens digit of 32876?
7
What is the ten thousands digit of 1358413?
5
What is the ten thousands digit of 643293?
4
What is the units digit of 3889349?
9
What is the hundreds digit of 21388346?
3
What is the units digit of 3485364?
4
What is the hundreds digit of 6320766?
7
What is the hundreds digit of 2893022?
0
What is the hundred thousands digit of 1922879?
9
What is the ten thousands digit of 20474208?
7
What is the hundreds digit of 336622?
6
What is the millions digit of 1833409?
1
What is the hundreds digit of 541603?
6
What is the tens digit of 5082095?
9
What is the hundreds digit of 340993?
9
What is the tens digit of 342744?
4
What is the units digit of 307050?
0
What is the hundreds digit of 10955014?
0
What is the ten millions digit of 13400599?
1
What is the tens digit of 6367724?
2
What is the thousands digit of 716786?
6
What is the hundred thousands digit of 487796?
4
What is the hundreds digit of 702770?
7
What is the hundreds digit of 687569?
5
What is the ten thousands digit of 15808562?
0
What is the hundred thousands digit of 1619206?
6
What is the tens digit of 295150?
5
What is the hundreds digit of 799087?
0
What is the hundred thousands digit of 214224?
2
What is the hundreds digit of 950283?
2
What is the thousands digit of 3062138?
2
What is the ten thousands digit of 1367407?
6
What is the units digit of 29535819?
9
What is the units digit of 643974?
4
What is the hundreds digit of 67385?
3
What is the ten thousands digit of 4838940?
3
What is the thousands digit of 36406162?
6
What is the thousands digit of 10460872?
0
What is the millions digit of 13450454?
3
What is the tens digit of 4928?
2
What is the hundred thousands digit of 307643?
3
What is the ten thousands digit of 967747?
6
What is the units digit of 3645389?
9
What is the hundreds digit of 3902645?
6
What is the tens digit of 8336036?
3
What is the tens digit of 3003963?
6
What is the hundred thousands digit of 16511313?
5
What is the ten thousands digit of 7375844?
7
What is the millions digit of 1140094?
1
What is the ten thousands digit of 106277?
0
What is the hundred thousands digit of 1838355?
8
What is the hundred thousands digit of 173766?
1
What is the hundreds digit of 5780855?
8
What is the units digit of 6608554?
4
What is the tens digit of 18868682?
8
What is